f 11 and x?
1
Let w(m) = -m**2 + m + 5. Let s be w(0). Let o be -5 + 1 - (0 + s + -30). Calculate the highest common factor of o and 273.
21
Let p(f) = -7*f + 12. Suppose 3*q + 2 + 7 = 0. Let i be p(q). Calculate the greatest common divisor of 3 and i.
3
Let x(v) = -v**2 - 25*v - 95. Let p be x(-5). What is the greatest common divisor of 6 and p?
1
Let j be (-6)/10 + 1363/5 + -8. What is the highest common factor of 33 and j?
33
Let y(u) = -2*u - 8. Let x be y(-13). Let k = -3 + 7. Suppose -k*h - 9 = -5*h. Calculate the highest common factor of x and h.
9
Suppose 2*v = -8*v + 2240. Calculate the greatest common divisor of 32 and v.
32
Let y(v) = v**3 + 3*v**2 - v - 3. Let r be y(-3). Let g = 2 + r. Suppose 0 = u + 5*j - 4 + 5, -3*u - g*j = -23. What is the highest common factor of u and 36?
9
Let d = 0 + -28. Let w be (-708)/d + 2/(-7). Calculate the highest common divisor of w and 10.
5
Let h(f) = -f**3 + 11*f**2 - 26*f. Let m be h(5). What is the greatest common divisor of 50 and m?
10
Suppose -5*l + 187 = -178. What is the greatest common divisor of l and 803?
73
Suppose -4*t - 3*p = -16, -3*p = t - p - 4. Let q(b) = -b**3 - 21*b**2 - 23*b - 32. Let z be q(-20). Calculate the highest common divisor of z and t.
4
Suppose 3*l + 65 + 62 = 5*x, 2*l = -x + 15. Let m = x - 63. Let c be m/3*9/(-4). What is the greatest common divisor of c and 20?
10
Let v be (2*1)/((-2)/(-16)). Let c(r) = -2*r**2 + 85*r - 318. Let h be c(38). What is the highest common factor of v and h?
8
Let z(k) be the first derivative of k**4/4 + 14*k**3/3 + 15*k**2/2 + 31*k + 1. Let s be z(-13). Calculate the highest common factor of s and 20.
5
Let o = 117 + -89. Calculate the greatest common divisor of 12 and o.
4
Suppose -a + 3*j = 7, 3*a + 4*j - 51 = -20. Calculate the greatest common divisor of a and 45.
5
Suppose -42*f + 36000 = -17*f. Calculate the highest common divisor of f and 10.
10
Let n(t) = t - 15. Let q be n(15). Suppose 128 = 4*v - q*v. Suppose 7*h - 2045 = 419. What is the greatest common factor of h and v?
32
Let n(o) = 16*o - 158. Let c be n(18). Let a = -60 + 86. What is the highest common factor of c and a?
26
Suppose -442*i = -464*i + 22. What is the highest common factor of 49 and i?
1
Let v be -1 - 21*(-152)/24. Calculate the highest common divisor of v and 99.
33
Let m(c) = c**3 + c**2 - c + 9. Let b(l) = 3*l**2 + 36*l. Let k be b(-12). Let u be m(k). Calculate the greatest common factor of u and 9.
9
Let f(s) = -2*s**2 + 14*s + 2. Let t be f(6). Let d = 58 + t. Calculate the greatest common divisor of d and 8.
8
Let z = -37 + 49. Let w = 32 - z. Let n be (-6 + 5)/((-2)/400). Calculate the greatest common divisor of w and n.
20
Suppose -2156 = 8*j - 5692. Calculate the greatest common divisor of j and 26.
26
Suppose 7 = c - 1. Let f(w) = -16*w - 319. Let a be f(-20). Calculate the greatest common factor of c and a.
1
Let n(a) = -23*a**3 + 4*a**2 + 3*a - 8. Let s be n(2). Let z = s - -431. What is the highest common factor of z and 29?
29
Let f(r) = r**2 + 6*r - 12. Let p be f(-8). Suppose 3 = -i + 4. Calculate the greatest common factor of i and p.
1
Let y(t) = -196*t - 10. Let c be y(-3). What is the highest common divisor of c and 34?
34
Let p be 1 + -1 + -11 - -1. Let t(x) = -12*x - 2*x - 28*x**2 + 15*x**2 + 12*x**2 - 12. Let n be t(p). Calculate the greatest common factor of 196 and n.
28
Let n be (168/(-1))/(-23 + 21). What is the greatest common factor of 60 and n?
12
Suppose -n = -o + 1, -o - 4*n + 21 - 5 = 0. Suppose 3*h - 33 = 3*t, -o*h - 4*t = -6*t - 52. Suppose i - 2 = 1. Calculate the highest common divisor of i and h.
3
Suppose -14*l + 39 = -17. What is the highest common factor of 2 and l?
2
Let q be 4/4*(2 - 0). Suppose 0 = -4*f + q*f. Suppose -4*d + 3*o + 217 = f, 5*o + 9 = -d + 46. What is the highest common divisor of d and 130?
26
Let u(m) = m**2 - 7*m + 4. Let g be u(5). Let o be 2/g - (-147)/9. Suppose 0 = -30*p + 14*p + 2048. Calculate the highest common factor of o and p.
16
Let g be 3/6 - (-114)/12. Let h = 41 - 21. Let s = h - g. Calculate the greatest common factor of 80 and s.
10
Suppose -5 = -2*h - 0*h + 5*q, -30 = 4*h - 2*q. Let c be (5/h)/((-1)/8). Calculate the greatest common factor of c and 16.
4
Let i(a) = 86*a**3 + 5*a**2 - a. Let n(u) = -85*u**3 - 6*u**2 + u. Let k(h) = 4*i(h) + 3*n(h). Let w be k(1). Calculate the greatest common factor of w and 18.
18
Let f be 1 + -1 + 36 + 1. Suppose 47 = -4*v - f. Let y be (v/(-14))/(2/24). What is the greatest common divisor of 12 and y?
6
Let m(x) = 32*x**2 + 23*x - 215. Let q be m(9). Calculate the highest common divisor of q and 136.
136
Let d = 6 - 1. Let f(r) = r + 10. Let s be f(-6). Suppose 0 = x + 4*m - 10, 2*x - s*m = -2*x + 40. What is the highest common divisor of d and x?
5
Suppose 11*n = -2*s + 15*n + 264, s - 139 = -5*n. What is the highest common factor of s and 871?
67
Suppose -5*f - 20 + 150 = 0. Let c = f + -16. What is the highest common factor of 70 and c?
10
Suppose 0 = 6*k + 24 - 138. Let m be (-4 - -1 - 30)*1. Let y = 62 - m. Calculate the greatest common divisor of k and y.
19
Suppose -22 + 6 = -2*b. Suppose -5*l - 298 = 242. Let d be (l/(-8))/(6/b). Calculate the greatest common factor of 144 and d.
18
Suppose -b - 12 = -2*z, 5*b = -13 + 3. Suppose 0 = -v - 2*v - 2*m - z, 4*v + 4 = -4*m. Let c be v + 2 + -2 + 7. What is the highest common divisor of 16 and c?
4
Let x be (-9)/(-3 + 2 - -2). Let k = x + 14. Let m(l) = -l**2 + 12*l + 1. Let r be m(12). Calculate the highest common divisor of k and r.
1
Suppose 5*w - 3*f - 27 = 0, 7 = -3*w - 4*f - 0. Let p be (-1)/w*(7 - 10). What is the greatest common factor of p and 3?
1
Let x = 347 + -251. What is the greatest common divisor of 36 and x?
12
Suppose -2*x = 5*w - 19, -4*x + 103 = -0*w - 3*w. Let c = 29 - x. What is the greatest common divisor of 49 and c?
7
Suppose -3*n = 2*n + 3*r + 20, 14 = n - 3*r. Let q be 39 - ((-3 - -1) + n). Calculate the greatest common divisor of q and 420.
42
Let c = -15 - -21. Let l be 2*(0 + 7 + 0). Let k = l - 10. What is the highest common divisor of k and c?
2
Let v(q) = -q**3 - q**2 + q - 1. Let c(h) = 7*h**3 - 5*h + 4. Let f(d) = c(d) + 6*v(d). Let p be f(6). Calculate the greatest common factor of p and 8.
4
Suppose -3*q = 0, -4*l - 4*q + 3 + 69 = 0. Let o = 26 + -110. Let g = -78 - o. Calculate the highest common divisor of l and g.
6
Suppose d - 324 = -2*f + 6*f, 0 = -5*f + 4*d - 416. Let n = f + 84. Calculate the highest common divisor of 12 and n.
4
Let k be ((-12)/(6 - 4))/(22/(-33)). Suppose -4*t + r + r + 136 = 0, 0 = -4*t + 5*r + 124. Calculate the greatest common divisor of t and k.
9
Let p be (-31)/62 + (51/2 - 1). Let i = 84 + -60. What is the highest common divisor of p and i?
24
Let s be 35/(-21)*(-6)/1. Let i = 0 + s. Calculate the highest common factor of i and 50.
10
Let z be (-1)/(3/(-2)) - 4/6. Let o be (-12 - z)/(3/(-3)). Calculate the greatest common factor of o and 4.
4
Let s(g) = 4*g - 23. Let v be s(9). Let a(q) = q**2 - 7*q + 15. Let x be a(v). What is the greatest common divisor of x and 31?
31
Let g be (-454)/(-18) - (70/(-45))/(-7). Let q be 24/(3/5 + 10/g). What is the greatest common factor of 96 and q?
24
Let k be -2 - 4*(-3)/6. Suppose k = -c + 77 - 35. What is the highest common factor of c and 21?
21
Let u = -55 + 221. Suppose -4*v + 535 = -3*s, 3*v + s - 245 - u = 0. Suppose -2*i + 37 - 3 = 0. What is the greatest common factor of v and i?
17
Let l be 116/(-16) - -7 - 290/(-8). Calculate the greatest common divisor of l and 846.
18
Suppose -13*w - 15 = -12*w. Let p = w - -27. What is the greatest common divisor of 108 and p?
12
Let x be 0/(-2) - -3 - -4. Let u be ((-2)/4)/((-6)/612) - 2. What is the greatest common divisor of u and x?
7
Suppose -9*r + 248 + 481 = 0. Calculate the greatest common factor of r and 9.
9
Let m(y) = -4*y + 2. Let c(o) = 12*o - 6. Let b(w) = -3*c(w) - 8*m(w). Let z be b(-6). What is the greatest common divisor of z and 182?
26
Suppose 49 = -5*q - 21. Let s = -5 - q. Suppose -s = -0*u - u. Calculate the highest common divisor of u and 1.
1
Suppose -79*k + 73*k + 1914 = 0. Calculate the greatest common divisor of 29 and k.
29
Let a = -261 + 320. Calculate the greatest common divisor of 177 and a.
59
Let b = 